{"id":261,"date":"2024-11-28T11:44:14","date_gmt":"2024-11-28T11:44:14","guid":{"rendered":"https:\/\/anne-gaebler.de\/?page_id=261"},"modified":"2025-10-30T12:52:00","modified_gmt":"2025-10-30T12:52:00","slug":"impressum","status":"publish","type":"page","link":"https:\/\/anne-gaebler.de\/?page_id=261","title":{"rendered":"Impressum"},"content":{"rendered":"<p>[et_pb_section fb_built=&#8220;1&#8243; _builder_version=&#8220;4.27.2&#8243; _module_preset=&#8220;default&#8220; global_colors_info=&#8220;{}&#8220;][et_pb_row _builder_version=&#8220;4.27.2&#8243; _module_preset=&#8220;default&#8220; global_colors_info=&#8220;{}&#8220;][et_pb_column type=&#8220;4_4&#8243; _builder_version=&#8220;4.27.2&#8243; _module_preset=&#8220;default&#8220; global_colors_info=&#8220;{}&#8220;][et_pb_text _builder_version=&#8220;4.27.2&#8243; _module_preset=&#8220;default&#8220; global_colors_info=&#8220;{}&#8220;]<\/p>\n<h3>Kontakt<\/h3>\n<p>Anne G\u00e4bler<br \/>August-Bebel-Stra\u00dfe 14<br \/>01471 Radeburg<\/p>\n<p>Telefon: +49 1525 9655736<br \/>E-Mail:<span style=\"color: #636363;\"> <a href=\"mailto:kontakt@anne-gaebler.de\" style=\"color: #636363;\">kontakt@anne-gaebler.de<\/a><\/span><br \/><span style=\"color: #636363;\">Web: <a href=\"https:\/\/www.anne-gaebler.de\" style=\"color: #636363;\">www.anne-gaebler.de<\/a><\/span><\/p>\n<p><span style=\"color: #5b5b5b;\"><\/span><\/p>\n<h3>Gesetzliche Berufsbezeichnung<\/h3>\n<p>Heilpraktikerin<br \/>Die Erlaubnis nach \u00a71 Abs. 1 des Heilpraktikergesetzes wurde am 19.12.2019 durch das Gesundheitsamt des Landkreises Mei\u00dfen erteilt.<\/p>\n<p>&nbsp;<\/p>\n<h3>Zust\u00e4ndige Aufsichtsbeh\u00f6rde<\/h3>\n<p>Landkreis Mei\u00dfen<br \/>Gesundheitsamt<br \/>Dresdner Stra\u00dfe 25<br \/>01662 Mei\u00dfen<\/p>\n<p><strong><\/strong><\/p>\n<h3>Verbandsmitgliedschaft<\/h3>\n<p>VFO &#8211; Verband freier Osteopathen e.V.<br \/>Barmbeker Str. 8<br \/>22303 Hamburg\u00a0<\/p>\n<p>Vereinsregister: VR 205182<br \/>Registergericht: Amtsgericht M\u00fcnchen<\/p>\n<p>Vertreten durch:<br \/>HP Eckhardt W. Martin<br \/><a href=\"http:\/\/www.freieheilpraktiker.com\" target=\"_blank\" rel=\"noopener\"><\/a><a href=\"http:\/\/www.heilpraktiker.org\/die-berufsordnung-fuer-heilpraktiker\" target=\"_blank\" rel=\"noopener\"><\/a>\u00a0<\/p>\n<h3>Berufshaftpflichtversicherung<\/h3>\n<p><span>Die Continentale Sachversicherungs AG, Ruhrallee 92, 44139 Dortmund<br \/>Geltungsbereich: Bundesrepublik Deutschland<\/span><\/p>\n<p><span style=\"color: #5b5b5b;\">\u00a0<\/span><\/p>\n<p><span style=\"color: #5b5b5b;\"> Hinweis: Heilkundliche T\u00e4tigkeit ist von der Umsatzsteuer nach gem\u00e4\u00df \u00a7 4 Nr.14 UStG befreit.<\/span><span style=\"color: #5b5b5b;\"><\/span><\/p>\n<p><span style=\"color: #5b5b5b;\"><\/span><\/p>\n<p><span style=\"color: #5b5b5b;\"><\/span><\/p>\n<p><span style=\"color: #5b5b5b;\"><\/span><\/p>\n<h3><strong>Quellenangaben f\u00fcr die verwendeten Bilder und Grafiken<br \/><\/strong><strong><\/strong><\/h3>\n<p>Copyright Anne G\u00e4bler<\/p>\n<p>Bilder Osteopathie<br \/>AdobeStock_128891839<br \/>AdobeStock_192148717<br \/>AdobeStock_294316756<br \/>AdobeStock_307065310<br \/>AdobeStock_359363316<\/p>\n<p>&nbsp;<\/p>\n<h3><strong>Webdesign<\/strong><\/h3>\n<p><strong><\/strong><span style=\"font-family: inherit; font-weight: normal;\">Luisa Zeidler und Thomas Riedel<br \/><a href=\"https:\/\/www.grosskariert.info\">www.grosskariert.info<\/a><\/span><\/p>\n<p><span style=\"font-family: inherit; font-weight: normal;\"><\/span><\/p>\n<h3><strong>Haftung f\u00fcr Links<\/strong><\/h3>\n<p>Unser Angebot enth\u00e4lt Links zu externen Webseiten Dritter, auf deren Inhalte wir keinen Einfluss haben. Deshalb k\u00f6nnen wir f\u00fcr diese fremden Inhalte auch keine Gew\u00e4hr \u00fcbernehmen. F\u00fcr die Inhalte der verlinkten Seiten ist stets der jeweilige Anbieter oder Betreiber der Seiten verantwortlich. Die verlinkten Seiten wurden zum Zeitpunkt der Verlinkung auf m\u00f6gliche Rechtsverst\u00f6\u00dfe \u00fcberpr\u00fcft. Rechtswidrige Inhalte waren zum Zeitpunkt der Verlinkung nicht erkennbar. Eine permanente inhaltliche Kontrolle der verlinkten Seiten ist jedoch ohne konkrete Anhaltspunkte einer Rechtsverletzung nicht zumutbar. Bei Bekanntwerden von Rechtsverletzungen werden wir derartige Links umgehend entfernen.<\/p>\n<h3><strong><\/strong><\/h3>\n<h3><strong><\/strong><\/h3>\n<h3><strong>Urheberrecht<\/strong><\/h3>\n<p>Die durch die Seitenbetreiber erstellten Inhalte und Werke auf diesen Seiten unterliegen dem deutschen Urheberrecht. Die Vervielf\u00e4ltigung, Bearbeitung, Verbreitung und jede Art der Verwertung au\u00dferhalb der Grenzen des Urheberrechtes bed\u00fcrfen der schriftlichen Zustimmung des jeweiligen Autors bzw. Erstellers. Downloads und Kopien dieser Seite sind nur f\u00fcr den privaten, nicht kommerziellen Gebrauch gestattet. Soweit die Inhalte auf dieser Seite nicht vom Betreiber erstellt wurden, werden die Urheberrechte Dritter beachtet. Insbesondere werden Inhalte Dritter als solche gekennzeichnet. Sollten Sie trotzdem auf eine Urheberrechtsverletzung aufmerksam werden, bitten wir um einen entsprechenden Hinweis. Bei Bekanntwerden von Rechtsverletzungen werden wir derartige Inhalte umgehend entfernen.<\/p>\n<p>[\/et_pb_text][\/et_pb_column][\/et_pb_row][\/et_pb_section][et_pb_section fb_built=&#8220;1&#8243; _builder_version=&#8220;4.27.2&#8243; _module_preset=&#8220;default&#8220; background_image=&#8220;https:\/\/anne-gaebler.de\/wp-content\/uploads\/2024\/11\/Osteopathie-Anne-Gaebler-scaled.jpg&#8220; custom_padding=&#8220;155px||154px|||&#8220; global_colors_info=&#8220;{}&#8220;][et_pb_row _builder_version=&#8220;4.27.2&#8243; _module_preset=&#8220;default&#8220; global_colors_info=&#8220;{}&#8220;][et_pb_column type=&#8220;4_4&#8243; _builder_version=&#8220;4.27.2&#8243; _module_preset=&#8220;default&#8220; global_colors_info=&#8220;{}&#8220;][et_pb_text _builder_version=&#8220;4.27.2&#8243; _module_preset=&#8220;default&#8220; header_text_color=&#8220;#FFFFFF&#8220; header_font_size=&#8220;54px&#8220; global_colors_info=&#8220;{}&#8220;]<\/p>\n<h1>Impressum<\/h1>\n<p>[\/et_pb_text][\/et_pb_column][\/et_pb_row][\/et_pb_section]<\/p>\n","protected":false},"excerpt":{"rendered":"<p>Kontakt Anne G\u00e4blerAugust-Bebel-Stra\u00dfe 1401471 Radeburg Telefon: +49 1525 9655736E-Mail: kontakt@anne-gaebler.deWeb: www.anne-gaebler.de Gesetzliche Berufsbezeichnung HeilpraktikerinDie Erlaubnis nach \u00a71 Abs. 1 des Heilpraktikergesetzes wurde am 19.12.2019 durch das Gesundheitsamt des Landkreises Mei\u00dfen erteilt. &nbsp; Zust\u00e4ndige Aufsichtsbeh\u00f6rde Landkreis Mei\u00dfenGesundheitsamtDresdner Stra\u00dfe 2501662 Mei\u00dfen Verbandsmitgliedschaft VFO &#8211; Verband freier Osteopathen e.V.Barmbeker Str. 822303 Hamburg\u00a0 Vereinsregister: VR 205182Registergericht: Amtsgericht M\u00fcnchen Vertreten [&hellip;]<\/p>\n","protected":false},"author":3,"featured_media":0,"parent":0,"menu_order":0,"comment_status":"closed","ping_status":"closed","template":"","meta":{"_et_pb_use_builder":"on","_et_pb_old_content":"","_et_gb_content_width":"","footnotes":""},"class_list":["post-261","page","type-page","status-publish","hentry"],"_links":{"self":[{"href":"https:\/\/anne-gaebler.de\/index.php?rest_route=\/wp\/v2\/pages\/261","targetHints":{"allow":["GET"]}}],"collection":[{"href":"https:\/\/anne-gaebler.de\/index.php?rest_route=\/wp\/v2\/pages"}],"about":[{"href":"https:\/\/anne-gaebler.de\/index.php?rest_route=\/wp\/v2\/types\/page"}],"author":[{"embeddable":true,"href":"https:\/\/anne-gaebler.de\/index.php?rest_route=\/wp\/v2\/users\/3"}],"replies":[{"embeddable":true,"href":"https:\/\/anne-gaebler.de\/index.php?rest_route=%2Fwp%2Fv2%2Fcomments&post=261"}],"version-history":[{"count":9,"href":"https:\/\/anne-gaebler.de\/index.php?rest_route=\/wp\/v2\/pages\/261\/revisions"}],"predecessor-version":[{"id":377,"href":"https:\/\/anne-gaebler.de\/index.php?rest_route=\/wp\/v2\/pages\/261\/revisions\/377"}],"wp:attachment":[{"href":"https:\/\/anne-gaebler.de\/index.php?rest_route=%2Fwp%2Fv2%2Fmedia&parent=261"}],"curies":[{"name":"wp","href":"https:\/\/api.w.org\/{rel}","templated":true}]}}